(317)?
19
Let m(w) = 79*w - 262. Give m(3).
-25
Let f(t) = -t**2 - 239*t - 14246. Calculate f(-114).
4
Let r(o) = 1505*o - 12011. Determine r(8).
29
Let a(j) = 2765*j + 24884. Calculate a(-9).
-1
Let q(h) = 184*h + 1352. Give q(-7).
64
Let c(m) = 41*m + 68. What is c(3)?
191
Let r(d) = -5*d**3 - 13*d**2 - 47*d - 60. Determine r(-2).
22
Let h(b) = -29*b + 960. Determine h(36).
-84
Let v(j) = 11*j**2 - 87*j - 269. What is v(-3)?
91
Let m(o) = 478*o + 3203. Determine m(-7).
-143
Let k(b) = 47*b**2 - 225*b + 664. What is k(3)?
412
Let a(w) = w**3 + 9*w**2 + 29*w + 12. Calculate a(-5).
-33
Let u(t) = -11*t**2 - 137*t + 711. Determine u(5).
-249
Let z(y) = -y**2 + 18*y + 185. What is z(27)?
-58
Let g(w) = -6*w**3 + 2*w**2 - w - 2. Give g(1).
-7
Let o(p) = -p**3 + 11*p**2 + 14*p + 17. Determine o(12).
41
Let v(n) = -n**2 + 67*n - 1026. Give v(44).
-14
Let t(x) = 36*x - 840. Calculate t(23).
-12
Let x(c) = -104*c - 1483. Give x(-14).
-27
Let o(g) = 27*g**3 - 3*g**2 - 106*g + 110. Give o(1).
28
Let g(k) = -27*k**2 - 179*k + 72. What is g(-7)?
2
Let g(f) = -f**3 + 22*f**2 + 83*f - 670. What is g(24)?
170
Let v(p) = p**2 - 47*p + 458. What is v(14)?
-4
Let x(f) = f**3 + 57*f**2 + 45*f - 616. Calculate x(-56).
0
Let p(u) = -2*u**3 + 213*u**2 + 70*u + 3965. Determine p(107).
6
Let c(q) = -q**3 - 28*q**2 - 38*q + 211. Give c(-26).
-153
Let i(b) = 210*b - 3571. Calculate i(17).
-1
Let r(w) = -2*w**2 + 40*w - 200. Calculate r(13).
-18
Let l(a) = 354*a + 12405. Determine l(-35).
15
Let j(p) = 5*p**3 + 3*p**2 - 4*p - 3. What is j(-3)?
-99
Let c(y) = -2*y + 321. Determine c(60).
201
Let j(n) = -1418*n - 7096. Give j(-5).
-6
Let z(k) = k**3 - 19*k**2 - 62. Determine z(19).
-62
Let p(z) = -2240*z + 2277. Give p(1).
37
Let n(o) = -o**3 + 329*o**2 - 5892*o - 11. Determine n(19).
-49
Let z(m) = m**3 + 12*m**2 + 6*m - 51. Calculate z(-8).
157
Let d(u) = -3*u**2 + 33*u + 3689. Give d(-30).
-1
Let l(o) = -o**3 - 21*o**2 + 46*o - 35. Determine l(-23).
-35
Let j(m) = 126*m - 7415. Give j(59).
19
Let w(y) = 5*y**2 - 19*y - 33. What is w(7)?
79
Let u(b) = -4*b**2 - 126*b - 564. Calculate u(-26).
8
Let o(k) = k**2 + 381*k + 7. Determine o(0).
7
Let s(z) = 9*z**2 + 158*z + 46. What is s(-17)?
-39
Let i(x) = -9*x**2 + 179*x + 20. Calculate i(20).
0
Let v(n) = -n**3 + 37*n**2 + 215*n - 223. Calculate v(42).
-13
Let b(y) = 3*y**2 + 3*y - 31. Give b(-6).
59
Let l(z) = 31*z + 292. What is l(-12)?
-80
Let d(y) = 20*y**2 + 42*y + 40. Give d(-2).
36
Let j(q) = 64*q - 5. Give j(1).
59
Let j(r) = -66*r - 33. What is j(-1)?
33
Let g(l) = -l**3 - 14*l**2 - 17*l - 19. Give g(-13).
33
Let h(r) = 50*r - 389. What is h(8)?
11
Let t(k) = -k**2 - 46*k - 391. Give t(-32).
57
Let w(g) = -g**3 + 94*g**2 - 1981*g - 75. What is w(32)?
21
Let k(h) = -h**3 - 6*h**2 - 30*h - 135. Give k(-5).
-10
Let i(b) = -32*b**2 + 125*b + 10. Calculate i(4).
-2
Let f(v) = -10*v - 574. What is f(-55)?
-24
Let l(x) = -31*x - 1322. Determine l(-42).
-20
Let m(d) = -d**2 + 5*d + 90. Determine m(-9).
-36
Let f(u) = -30*u + 2326. What is f(78)?
-14
Let z(h) = 106*h - 19221. Give z(181).
-35
Let o(b) = -b + 31. Determine o(-64).
95
Let p(v) = -21*v**2 - 1551*v + 269. Determine p(-74).
47
Let l(f) = 3*f**2 + 176*f + 68. Determine l(-57).
-217
Let i(h) = 2*h**2 + 48*h + 43. Give i(-12).
-245
Let c(v) = -9477*v - 66328. What is c(-7)?
11
Let r(v) = 147*v**2 + 6*v + 2. Determine r(-1).
143
Let s(l) = -223*l - 208. Calculate s(-1).
15
Let t(g) = 1497*g + 1496. Calculate t(-1).
-1
Let w(k) = -4*k**2 + 1326*k - 5897. What is w(327)?
-11
Let s(y) = y**3 - 14*y**2 + 20*y + 96. What is s(13)?
187
Let m(z) = -21*z + 388. Give m(21).
-53
Let h(c) = 33*c + 88. Determine h(-3).
-11
Let s(o) = -2*o**2 + 54*o + 678. What is s(36)?
30
Let c(y) = -y**2 - 145*y - 3420. Give c(-30).
30
Let z(n) = 10*n**2 - 2854*n + 1136. Calculate z(285).
-4
Let d(b) = 29*b**3 - b**2 + 14*b + 16. Calculate d(-1).
-28
Let u(g) = -g**3 - 7*g**2 + 34*g - 102. What is u(-11)?
8
Let z(m) = -4*m**2 - 76*m - 90. What is z(-17)?
46
Let q(w) = 7*w**2 + 102*w - 101. What is q(1)?
8
Let j(g) = -g**3 - 22*g**2 - 15*g - 299. What is j(-22)?
31
Let m(a) = -181*a + 74. Give m(2).
-288
Let g(n) = 34*n**2 + 6*n - 8. Calculate g(1).
32
Let p(z) = 3*z**2 - 555*z - 537. What is p(186)?
21
Let k(y) = 4*y**3 + 248*y**2 - 501*y + 709. Determine k(-64).
5
Let t(w) = -135*w + 1880. Give t(14).
-10
Let i(n) = 24*n - 1017. Give i(43).
15
Let w(z) = -40*z**2 - 281*z - 10. What is w(-7)?
-3
Let t(h) = h**3 - 15*h**2 - 58*h + 18. Calculate t(18).
-54
Let a(d) = -d**3 - 8*d**2 + 138*d + 1103. Give a(-8).
-1
Let h(b) = -b**3 - 23*b**2 + 2*b - 38. What is h(-23)?
-84
Let a(v) = 176*v + 1893. Calculate a(-11).
-43
Let w(u) = 20*u - 1320. Calculate w(67).
20
Let v(p) = -172*p - 603. What is v(-4)?
85
Let m(i) = -i**3 - 12*i**2 + 21*i + 270. What is m(-12)?
18
Let n(g) = -g**2 + 51*g + 1510. Calculate n(-21).
-2
Let o(y) = -y**3 + 12*y**2 + 18*y - 172. Give o(14).
-312
Let s(l) = l**3 - 22*l**2 - 68*l + 451. What is s(24)?
-29
Let i(v) = v**2 + 15*v + 1. What is i(-8)?
-55
Let b(a) = -3*a**3 - 44*a**2 + 13*a + 21. Determine b(-15).
51
Let l(f) = 15*f - 206. Calculate l(14).
4
Let y(k) = k**2 + 39*k - 240. Calculate y(-45).
30
Let z(h) = h**2 - 5*h + 16. Determine z(6).
22
Let d(a) = 2*a**3 + 7*a**2 - 33*a + 137. Calculate d(5).
397
Let j(g) = -8*g + 72. What is j(31)?
-176
Let n(y) = 83*y - 675. Give n(12).
321
Let a(j) = j**3 - 70*j**2 + 35*j - 2468. Determine a(70).
-18
Let o(f) = 2*f**2 + 73*f - 205. Give o(-41).
164
Let k(p) = -p**2 + 79*p - 232. Calculate k(76).
-4
Let v(y) = -y**2 + 59*y - 772. Calculate v(41).
-34
Let l(o) = -67*o + 6696. Give l(99).
63
Let m(i) = -464*i + 6024. Calculate m(13).
-8
Let i(b) = 35*b + 1344. What is i(-37)?
49
Let i(o) = 1279*o + 6337. What is i(-5)?
-58
Let q(z) = -1164*z + 9312. Determine q(8).
0
Let u(a) = -3*a**2 + 39*a - 114. Calculate u(10).
-24
Let g(i) = -10*i**3 + 2*i**2 + 5*i - 6. Give g(1).
-9
Let u(g) = -5*g**2 - 66*g + 129. Calculate u(2).
-23
Let t(g) = g**2 - 147*g - 4196. Determine t(173).
302
Let h(z) = -z**3 - 13*z**2 - 23*z + 116. Give h(-13).
415
Let x(n) = -n**3 - 122*n**2 - 112*n + 1060. Calculate x(-121).
-29
Let o(q) = q**2 - 8*q + 23. What is o(3)?
8
Let h(g) = -g**3 - 59*g**2 - 7*g - 4013. Calculate h(-60).
7
Let z(p) = 3*p + 217. Give z(-23).
148
Let r(v) = -7*v**3 + 11*v**2 + 5*v + 4. Determine r(4).
-248
Let o(x) = -x**3 + 64*x**2 - 294*x - 4. Determine o(5).
1
Let t(d) = 421*d - 140. Calculate t(1).
281
Let n(l) = -l**2 - 61*l + 251. Calculate n(4).
-9
Let t(s) = 371*s + 5207. Calculate t(-14).
13
Let r(s) = 17*s + 19. Determine r(-4).
-49
Let g(k) = k**3 - 10*k**2 + 9*k - 5. Calculate g(9).
-5
Let r(l) = -l**2 + 179*l + 23838. Calculate r(268).
-14
Let o(z) = 3*z**2 - 61*z + 663. Calculate o(12).
363
Let n(g) = -39*g + 2509. Determine n(64).
13
Let k(b) = 47*b + 588. Calculate k(-19).
-305
Let a(w) = 3*w**3 - 105*w**2 - 122*w + 504. Give a(36).
0
Let l(s) = -107*s + 2226. Calculate l(21).
-21
Let h(a) = a**2 - 18*a - 22. What is h(8)?
-102
Let x(g) = 25*g + 50. Calculate x(7).
225
Let p(s) = -6*s**2 - 73*s - 15. Determine p(-12).
-3
Let k(t) = 3*t**2 + 79*t + 489. Give k(-11).
-17
Let l(t) = -1563*t - 4679. Determine l(-3).
10
Let x(z) = -8*z**2 - 639*z - 1. Give x(-80).
-81
Let c(d) = 34*d**2 + 2*d - 30. Calculate c(-3).
270
Let g(v) = -v**3 + 79*v**2 - 15*v + 1248. Give g(79).
63
Let p(i) = 31*i + 1334. Give p(-44).
-30
Let y(a) = a**2 - 26*a + 157. Give y(13).
-12
Let k(o) = 6*o**3 - 2*o**2 + 2*o + 4. Give k(2).
48
Let g(m) = 6*m**2 - 758*m - 503. What is g(127)?
5
Let k(d) = -2*d**3 - 55*d**2 - 67*d - 16. Determine k(-26).
-302
Let v(b) = 66*b - 352. Determine v(5).
-22
Let g(y) = y**3 + 35*y**2 + 76*y + 326. Calculate g(-33).
-4
Let h(q) = 3*q**2 - 308*q - 1882. Calculate h(-6).
74
Let f(y) = -8*y - 155. Give f(-8).
-91
Let l(n) = 4*n**3 + 19*n**2 - 2*n + 17. Calculate l(-5).
2
Let h(f) = f**3 + 11*f**2 + 10*f + 37. What is h(-9)?
109
Let p(j) = 149*j - 2593. Calculate p(18).
89
Let a(s) = s**2 - 45*s - 847. Calculate a(59).
-21
Let q(o) = -5*o**2 - 60*o - 20. Give q(-11).
35
Let d(h) = -2*h**2 - 90*h - 585. Give d(-8).
7
Let q(v) = v**3 + 23*v**2 + 44*v + 61. Calculate q(-21).
19
Let s(n) = 186*n - 10215. Give s(55